common factor of 3850 and 2900590.
770
Calculate the highest common divisor of 14649 and 2489.
19
What is the highest common factor of 2210 and 32810?
170
What is the greatest common divisor of 224 and 44576?
224
What is the highest common factor of 52540 and 2405?
185
Calculate the highest common factor of 2277 and 49266.
207
What is the highest common factor of 612725 and 25?
25
What is the highest common divisor of 149501 and 11?
11
What is the highest common factor of 128 and 512384?
128
What is the highest common factor of 4686 and 107250?
66
What is the greatest common factor of 137334 and 23594?
94
What is the greatest common factor of 112 and 424466?
14
Calculate the greatest common divisor of 1706 and 164629.
853
Calculate the highest common factor of 1435 and 231.
7
What is the greatest common divisor of 1086721 and 118?
59
What is the highest common factor of 3806 and 15642?
22
What is the highest common divisor of 32 and 31016?
8
What is the greatest common divisor of 952 and 23912?
56
What is the greatest common factor of 108057 and 9231?
543
What is the greatest common divisor of 153 and 225?
9
What is the greatest common divisor of 4098 and 278?
2
What is the highest common factor of 207 and 115?
23
What is the highest common factor of 44 and 1551?
11
Calculate the highest common divisor of 132 and 1123782.
66
What is the greatest common factor of 18356 and 572?
52
What is the greatest common factor of 203318 and 5872?
734
Calculate the greatest common factor of 3920 and 7000.
280
Calculate the highest common factor of 1468971 and 378.
63
Calculate the greatest common factor of 1352 and 4381.
13
Calculate the greatest common divisor of 2820 and 2553510.
1410
What is the highest common divisor of 8 and 95968?
8
Calculate the highest common divisor of 515904 and 384.
192
Calculate the highest common factor of 6780 and 22620.
60
Calculate the highest common divisor of 8584 and 925.
37
Calculate the highest common divisor of 2208208 and 632.
632
What is the greatest common divisor of 368394 and 104?
26
Calculate the highest common divisor of 32 and 32648.
8
What is the highest common factor of 1058134 and 14?
14
What is the greatest common divisor of 14064 and 8568?
24
What is the greatest common divisor of 819 and 15106?
91
Calculate the greatest common divisor of 64152 and 18.
18
Calculate the highest common factor of 6432 and 8241.
201
Calculate the greatest common divisor of 10 and 85990.
10
Calculate the highest common divisor of 1045 and 330847.
209
Calculate the highest common factor of 140 and 731850.
70
Calculate the highest common factor of 286 and 12571.
13
What is the highest common divisor of 12636 and 34182?
162
Calculate the highest common factor of 90 and 21474.
18
What is the greatest common factor of 254587 and 69?
23
Calculate the highest common divisor of 612 and 23205.
51
What is the highest common divisor of 2264304 and 161?
161
What is the greatest common factor of 380987 and 17?
17
Calculate the greatest common divisor of 3500 and 210.
70
Calculate the highest common factor of 67 and 61.
1
What is the greatest common divisor of 4838690 and 10?
10
What is the highest common divisor of 920 and 99960?
40
What is the greatest common divisor of 1120 and 18144?
224
What is the highest common factor of 30690 and 9273?
33
Calculate the greatest common divisor of 583 and 2101.
11
Calculate the greatest common factor of 680865 and 570.
285
Calculate the greatest common factor of 1869 and 2016.
21
Calculate the greatest common factor of 324 and 7263.
27
What is the greatest common divisor of 5691 and 88617?
813
Calculate the greatest common factor of 196 and 620291.
49
Calculate the greatest common divisor of 5610 and 21670.
110
Calculate the highest common divisor of 20 and 2095.
5
Calculate the highest common factor of 7106 and 1837.
11
What is the highest common factor of 595 and 4235?
35
What is the greatest common factor of 9948 and 3252?
12
Calculate the highest common factor of 19 and 667603.
19
What is the highest common divisor of 150969 and 78?
39
Calculate the highest common factor of 44 and 9526.
22
Calculate the highest common factor of 421531 and 429.
11
Calculate the greatest common divisor of 33731 and 4169.
379
Calculate the highest common factor of 607971 and 357.
357
Calculate the greatest common divisor of 25 and 254005.
5
What is the greatest common divisor of 20 and 12620?
20
Calculate the greatest common divisor of 262851 and 246.
123
Calculate the greatest common factor of 30118 and 10286.
74
Calculate the greatest common divisor of 682071 and 39.
39
What is the greatest common factor of 130527 and 9?
9
What is the greatest common factor of 230 and 6988895?
115
Calculate the greatest common factor of 60186 and 336.
42
Calculate the highest common divisor of 143 and 100061.
13
What is the highest common divisor of 247071 and 330?
33
Calculate the highest common divisor of 23168 and 1629.
181
What is the highest common divisor of 80313 and 114?
57
Calculate the highest common factor of 86347 and 79.
79
Calculate the greatest common divisor of 16048 and 240.
16
What is the highest common factor of 17797 and 13?
13
What is the greatest common factor of 7026 and 276?
6
What is the greatest common factor of 527 and 7471?
31
What is the greatest common divisor of 2686 and 2363?
17
What is the highest common divisor of 411 and 10823?
137
Calculate the greatest common factor of 8804 and 7100.
284
Calculate the highest common factor of 5352 and 2992.
8
Calculate the greatest common factor of 1360 and 58160.
80
Calculate the highest common factor of 708 and 8083.
59
Calculate the greatest common divisor of 119379 and 52.
13
What is the highest common divisor of 261 and 54375?
87
Calculate the greatest common divisor of 83018 and 3627.
403
What is the greatest common factor of 50758 and 410?
82
What is the highest common divisor of 938385 and 4455?
405
Calculate the highest common factor of 16944 and 24.
24
What is the highest common divisor of 342912 and 72?
24
What is the highest common divisor of 175 and 487775?
25
Calculate the highest common divisor of 7731 and 1175971.
859
Calculate the highest common divisor of 26 and 111358.
26
Calculate the highest common divisor of 22 and 60038.
22
What is the greatest common divisor of 25344 and 330?
66
What is the greatest common factor of 8 and 60748?
4
Calculate the greatest common divisor of 10 and 232840.
10
Calculate the highest common divisor of 96846 and 42.
6
Calculate the greatest common factor of 10470 and 610.
10
Calculate the highest common divisor of 4440 and 31968.
888
What is the greatest common factor of 298462 and 158?
158
What is the greatest common factor of 1440 and 472176?
144
Calculate the greatest common divisor of 6496 and 400.
16
What is the greatest common divisor of 13 and 6985459?
13
What is the greatest common factor of 11488 and 7898?
718
What is the highest common divisor of 2907 and 9741?
51
Calculate the highest common divisor of 335 and 570840.
335
What is the greatest common factor of 402 and 97485?
201
Calculate the greatest common factor of 185730 and 2706.
246
What is the highest common divisor of 45045 and 130?
65
What is the highest common divisor of 33534 and 17874?
54
Calculate the greatest common divisor of 3 and 51996.
3
What is the greatest common factor of 58000 and 174?
58
Calculate the greatest common factor of 60522 and 22.
22
What is the greatest common factor of 16088058 and 126?
126
What is the highest common factor of 54 and 220?
2
Calculate the highest common divisor of 16973 and 1991.
11
What is the highest common divisor of 35795 and 10?
5
Calculate the highest common divisor of 389 and 75077.
389
Calculate the greatest common factor of 87 and 7453.
29
What is the highest common divisor of 380430 and 108?
54
What is the highest common divisor of 96 and 51104?
32
Calculate the greatest common factor of 323440 and 26.
26
Calculate the highest common factor of 354 and 636138.
354
What is the greatest common divisor of 588 and 63896?
196
What is the greatest common factor of 852 and 972?
12
What is the highest common divisor of 42807 and 342?
57
Calculate the highest common divisor of 106 and 92.
2
What is 